What are the prime factors of 50922636?
2, 3, 151, 157, 179
List the prime factors of 43804191.
3, 1223, 11939
What are the prime factors of 2851926?
2, 3, 7, 11, 6173
What are the prime factors of 252633780?
2, 3, 5, 7, 37, 5419
What are the prime factors of 94793782?
2, 5167, 9173
List the prime factors of 90985858.
2, 45492929
What are the prime factors of 50597243?
61, 829463
What are the prime factors of 28565912?
2, 59, 60521
What are the prime factors of 471592464?
2, 3, 7, 19, 61, 173
What are the prime factors of 2741287?
2741287
What are the prime factors of 85907287?
487, 176401
What are the prime factors of 380608942?
2, 7, 27186353
What are the prime factors of 16414469?
17, 31, 31147
List the prime factors of 97220314.
2, 17, 643, 4447
What are the prime factors of 8579553626?
2, 7, 19, 32253961
List the prime factors of 875137432.
2, 13, 73, 8867
What are the prime factors of 7479522?
2, 3, 193, 2153
List the prime factors of 361274511.
3, 13, 712573
What are the prime factors of 32719347?
3, 83, 43801
List the prime factors of 657333665.
5, 337, 390109
What are the prime factors of 1757139254?
2, 13, 577, 117127
What are the prime factors of 3763527352?
2, 13, 23, 269, 5849
List the prime factors of 2857862885.
5, 571572577
What are the prime factors of 109786083?
3, 11, 29, 10429
List the prime factors of 2603877.
3, 867959
What are the prime factors of 535593585?
3, 5, 17, 123551
List the prime factors of 1222331781.
3, 11, 149, 248593
List the prime factors of 63430058.
2, 31715029
What are the prime factors of 599781963?
3, 11, 18175211
List the prime factors of 13929176.
2, 41, 42467
What are the prime factors of 129104891?
129104891
What are the prime factors of 333666008?
2, 13, 3208327
What are the prime factors of 29215400?
2, 5, 146077
What are the prime factors of 33545420?
2, 5, 17, 98663
List the prime factors of 2739482912.
2, 29, 2952029
List the prime factors of 45416453.
239, 190027
List the prime factors of 263395773.
3, 17, 573847
List the prime factors of 3269216028.
2, 3, 13, 431, 48623
What are the prime factors of 1535695570?
2, 5, 4327, 35491
List the prime factors of 178497788.
2, 7, 431, 2113
What are the prime factors of 2978548247?
9967, 298841
List the prime factors of 29823650.
2, 5, 103, 5791
List the prime factors of 19109249.
19109249
List the prime factors of 1636612272.
2, 3, 19, 1657
List the prime factors of 827279021.
43, 137, 317, 443
List the prime factors of 22621796.
2, 5655449
List the prime factors of 1156889432.
2, 599, 241421
What are the prime factors of 578766553?
83, 6973091
What are the prime factors of 457731991?
6737, 67943
List the prime factors of 570613392.
2, 3, 3962593
List the prime factors of 159703278.
2, 3, 7, 107, 35537
What are the prime factors of 45560118?
2, 3, 7593353
List the prime factors of 35516830.
2, 5, 23, 307, 503
What are the prime factors of 143550331?
239, 349, 1721
What are the prime factors of 5279526978?
2, 3, 11, 167, 478999
What are the prime factors of 596995315?
5, 7, 1609, 10601
List the prime factors of 214876744.
2, 26859593
What are the prime factors of 915513689?
19, 23, 71, 1553
List the prime factors of 34531951.
34531951
List the prime factors of 2338749946.
2, 13, 37, 307, 7919
List the prime factors of 2412824221.
2341, 1030681
List the prime factors of 579381525.
3, 5, 733, 1171
List the prime factors of 2576843963.
2576843963
List the prime factors of 283452625.
5, 433, 5237
What are the prime factors of 3948318932?
2, 211, 4678103
What are the prime factors of 25798648?
2, 397, 8123
List the prime factors of 314435872.
2, 83, 118387
What are the prime factors of 180837247?
23, 47, 131, 1277
What are the prime factors of 287215262?
2, 143607631
List the prime factors of 1852380434.
2, 9431, 98207
What are the prime factors of 29559988?
2, 31, 223, 1069
List the prime factors of 41864527.
3529, 11863
List the prime factors of 222848734.
2, 5381, 20707
List the prime factors of 342607666.
2, 8761, 19553
List the prime factors of 998833333.
103, 9697411
List the prime factors of 19814317.
73, 271429
List the prime factors of 23792018.
2, 53, 389, 577
What are the prime factors of 1301739922?
2, 7, 1627, 57149
List the prime factors of 16235500.
2, 5, 19, 1709
What are the prime factors of 436128384?
2, 3, 1135751
What are the prime factors of 34559403?
3, 11519801
List the prime factors of 48100378.
2, 17, 283, 4999
List the prime factors of 344846102.
2, 1867, 92353
List the prime factors of 69893672.
2, 151, 57859
List the prime factors of 2821893.
3, 23, 40897
What are the prime factors of 1458028562?
2, 17, 73, 587441
What are the prime factors of 304143724?
2, 101, 752831
List the prime factors of 3491683973.
2371, 1472663
What are the prime factors of 510008068?
2, 61, 2090197
What are the prime factors of 81362400?
2, 3, 5, 7, 29, 167
What are the prime factors of 119588851?
199, 600949
List the prime factors of 5575755226.
2, 19433, 143461
List the prime factors of 1043310957.
3, 13, 19, 167, 8431
What are the prime factors of 267210251?
7, 11, 23, 150881
List the prime factors of 47955230.
2, 5, 23, 208501
What are the prime factors of 31217457?
3, 17, 612107
List the prime factors of 516238699.
73, 7071763
What are the prime factors of 704400882?
2, 3, 17, 59, 67, 1747
List the prime factors of 29733668.
2, 1277, 5821
List the prime factors of 443586904.
2, 107, 518209
What are the prime factors of 2129643805?
5, 17, 25054633
What are the prime factors of 524990170?
2, 5, 52499017
List the prime factors of 1982688440.
2, 5, 127, 277, 1409
What are the prime factors of 989648369?
271, 3651839
What are the prime factors of 1390655673?
3, 11, 14047027
What are the prime factors of 5782173134?
2, 31, 93260857
List the prime factors of 4132375030.
2, 5, 7, 59033929
What are the prime factors of 992452767?
3, 330817589
List the prime factors of 277424404.
2, 69356101
What are the prime factors of 1670281032?
2, 3, 7, 19, 59, 181
List the prime factors of 16480857.
3, 23, 238853
What are the prime factors of 4173603741?
3, 8737, 53077
List the prime factors of 947233849.
59, 2459, 6529
List the prime factors of 41674064.
2, 179, 14551
List the prime factors of 573673967.
223, 2572529
What are the prime factors of 186124923?
3, 53, 390199
List the prime factors of 128331799.
37, 3468427
List the prime factors of 54892007.
19, 23, 59, 2129
List the prime factors of 518903497.
7, 151, 490921
List the prime factors of 824082917.
7, 43, 2737817
List the prime factors of 24245037.
3, 2693893
List the prime factors of 84417808.
2, 5276113
List the prime factors of 373877001.
3, 757, 54877
List the prime factors of 394887797.
394887797
List the prime factors of 127287247.
41, 1217, 2551
What are the prime factors of 1312312420?
2, 5, 41, 751, 2131
What are the prime factors of 278773172?
2, 29, 61, 39397
List the prime factors of 164856356.
2, 7, 337, 17471
What are the prime factors of 37148219?
4621, 8039
List the prime factors of 391583500.
2, 5, 7, 11, 1453
List the prime factors of 81905873.
7, 151, 77489
List the prime factors of 385819421.
13, 29678417
List the prime factors of 173599652.
2, 43399913
List the prime factors of 289701907.
11, 26336537
List the prime factors of 83918558.
2, 41959279
What are the prime factors of 79472417?
83, 957499
List the prime factors of 175216880.
2, 5, 461, 4751
What are the prime factors of 1288794232?
2, 11, 1331399
List the prime factors of 11987623.
23, 521201
List the prime factors of 33813581.
61, 151, 3671
What are the prime factors of 8950791160?
2, 5, 223769779
What are the prime factors of 308488944?
2, 3, 6426853
List the prime factors of 17196864.
2, 3, 89567
What are the prime factors of 142121232?
2, 3, 11, 23, 47, 83
What are the prime factors of 44299457?
179, 263, 941
List the prime factors of 361331048.
2, 13, 37, 93901
What are the prime factors of 2976675323?
2976675323
List the prime factors of 16072104.
2, 3, 127, 5273
What are the prime factors of 138828250?
2, 5, 11, 19, 2657
List the prime factors of 60697238.
2, 7, 1049, 4133
What are the prime factors of 103863780?
2, 3, 5, 587, 983
List the prime factors of 3051787185.
3, 5, 43, 19471
What are the prime factors of 